{"id":4234,"date":"2024-12-30T15:12:54","date_gmt":"2024-12-30T18:12:54","guid":{"rendered":"https:\/\/teste.minasbrazil.store\/?post_type=product&#038;p=4234"},"modified":"2024-12-30T15:19:58","modified_gmt":"2024-12-30T18:19:58","slug":"creme-de-tratamento-skala-2-em-1-acachonados-1kg","status":"publish","type":"product","link":"https:\/\/minasbrazil.store\/en\/product\/creme-de-tratamento-skala-2-em-1-acachonados-1kg\/","title":{"rendered":"Creme De Tratamento Skala 2 em 1 Acachonados 1kg"},"content":{"rendered":"<p>O\u00a0<b>Creme De Tratamento Skala 2 em 1 Acachonados 1kg<\/b>\u00a0\u00e9 indicado para cabelos crespos e cacheados e sua f\u00f3rmula nutre sem pesar, deixando os fios definidos e brilhosos. Conta com um mix de \u00f3leos que juntos trazem muitos benef\u00edcios para os cabelos, o \u00f3leo de argan, \u00e9 rico em \u00e1cidos graxos e vitamina E, que proporciona ultra repara\u00e7\u00e3o e brilho. O \u00f3leo de coco, promove aos cabelos repara\u00e7\u00e3o, brilho, maciez, hidrata\u00e7\u00e3o e faciliddae na penteabilidade. J\u00e1 o \u00f3leo de patau\u00e1, fortalece e auxilia no combate a queda por quebra dos fios. Al\u00e9m disso, conta tamb\u00e9m com carv\u00e3o ativado, que absorve o excesso de oleosidade e ajuda a remover as c\u00e9lulas mortas do couro cabeludo.<\/p>\n<p><b>Benef\u00edcios:<\/b><br \/>\n&#8211; Ultra repara\u00e7\u00e3o e brilho;<br \/>\n&#8211; Facilidade na penteabilidade;<br \/>\n&#8211; Absorve o excesso de oleosidade;<br \/>\n&#8211; Remove c\u00e9lulas mortas do couro cabeludo;<br \/>\n&#8211; Fortalece e auxilia no combate \u00e0 queda por quebra dos fios.<\/p>\n<p><b>Modo de usar:<\/b><br \/>\nCreme de Pentear Uso com Enx\u00e1gue: Aplique nos cabelos lavados com shampoo massageando mecha por mecha por todo o comprimento dos fios por 3 minutos. Enx\u00e1gue.<br \/>\nCreme de Pentear Uso Sem Enx\u00e1gue: Aplique nos cabelos \u00famidos ou secos e espalhe bem. Penteie normalmente sem enx\u00e1gue. A quantidade ideal a ser aplicada depender\u00e1 da quantidade de cabelo e do comprimento dos fios.<\/p>\n<p><b>Sobre a marca:<\/b>\u00a0A trajet\u00f3ria da Skala come\u00e7ou em 1986 com o prop\u00f3sito de levar cosm\u00e9ticos de qualidade e pre\u00e7o justo ao mercado. Agindo com transpar\u00eancia e integridade, a empresa procurou inovar, construindo muito mais do que uma grande marca, mas sim um jeito de fazer mais e melhor pela autoestima, pelas pessoas, pelo meio ambiente e pelo mundo.<\/p>","protected":false},"excerpt":{"rendered":"<p>O\u00a0Creme De Tratamento Skala 2 em 1 Acachonados 1kg\u00a0\u00e9 indicado para cabelos crespos e cacheados e sua f\u00f3rmula nutre sem pesar, deixando os fios definidos e brilhosos. Conta com um mix de \u00f3leos que juntos trazem muitos benef\u00edcios para os cabelos, o \u00f3leo de argan, \u00e9 rico em \u00e1cidos graxos e vitamina E, que proporciona [&hellip;]<\/p>\n","protected":false},"featured_media":4263,"comment_status":"closed","ping_status":"closed","template":"","meta":{"_joinchat":[]},"product_cat":[322,275],"product_tag":[],"class_list":{"0":"post-4234","1":"product","2":"type-product","3":"status-publish","4":"has-post-thumbnail","6":"product_brand-skala","7":"product_cat-creme-de-tratamento","8":"product_cat-cuidado-pessoal","10":"first","11":"instock","12":"sale","13":"taxable","14":"shipping-taxable","15":"purchasable","16":"product-type-simple"},"_links":{"self":[{"href":"https:\/\/minasbrazil.store\/en\/wp-json\/wp\/v2\/product\/4234","targetHints":{"allow":["GET"]}}],"collection":[{"href":"https:\/\/minasbrazil.store\/en\/wp-json\/wp\/v2\/product"}],"about":[{"href":"https:\/\/minasbrazil.store\/en\/wp-json\/wp\/v2\/types\/product"}],"replies":[{"embeddable":true,"href":"https:\/\/minasbrazil.store\/en\/wp-json\/wp\/v2\/comments?post=4234"}],"wp:featuredmedia":[{"embeddable":true,"href":"https:\/\/minasbrazil.store\/en\/wp-json\/wp\/v2\/media\/4263"}],"wp:attachment":[{"href":"https:\/\/minasbrazil.store\/en\/wp-json\/wp\/v2\/media?parent=4234"}],"wp:term":[{"taxonomy":"product_cat","embeddable":true,"href":"https:\/\/minasbrazil.store\/en\/wp-json\/wp\/v2\/product_cat?post=4234"},{"taxonomy":"product_tag","embeddable":true,"href":"https:\/\/minasbrazil.store\/en\/wp-json\/wp\/v2\/product_tag?post=4234"}],"curies":[{"name":"wp","href":"https:\/\/api.w.org\/{rel}","templated":true}]}}

<p>O <b>Creme De Tratamento Skala 2 em 1 Acachonados 1kg</b> é indicado para cabelos crespos e cacheados e sua fórmula nutre sem pesar, deixando os fios definidos e brilhosos. Conta com um mix de óleos que juntos trazem muitos benefícios para os cabelos, o óleo de argan, é rico em ácidos graxos e vitamina E, que proporciona ultra reparação e brilho. O óleo de coco, promove aos cabelos reparação, brilho, maciez, hidratação e faciliddae na penteabilidade. Já o óleo de patauá, fortalece e auxilia no combate a queda por quebra dos fios. Além disso, conta também com carvão ativado, que absorve o excesso de oleosidade e ajuda a remover as células mortas do couro cabeludo.</p>
<p><b>Benefícios:</b><br />
&#8211; Ultra reparação e brilho;<br />
&#8211; Facilidade na penteabilidade;<br />
&#8211; Absorve o excesso de oleosidade;<br />
&#8211; Remove células mortas do couro cabeludo;<br />
&#8211; Fortalece e auxilia no combate à queda por quebra dos fios.</p>
<p><b>Modo de usar:</b><br />
Creme de Pentear Uso com Enxágue: Aplique nos cabelos lavados com shampoo massageando mecha por mecha por todo o comprimento dos fios por 3 minutos. Enxágue.<br />
Creme de Pentear Uso Sem Enxágue: Aplique nos cabelos úmidos ou secos e espalhe bem. Penteie normalmente sem enxágue. A quantidade ideal a ser aplicada dependerá da quantidade de cabelo e do comprimento dos fios.</p>
<p><b>Sobre a marca:</b> A trajetória da Skala começou em 1986 com o propósito de levar cosméticos de qualidade e preço justo ao mercado. Agindo com transparência e integridade, a empresa procurou inovar, construindo muito mais do que uma grande marca, mas sim um jeito de fazer mais e melhor pela autoestima, pelas pessoas, pelo meio ambiente e pelo mundo.</p>

<p>O Creme De Tratamento Skala 2 em 1 Acachonados 1kg é indicado para cabelos crespos e cacheados e sua fórmula nutre sem pesar, deixando os fios definidos e brilhosos. Conta com um mix de óleos que juntos trazem muitos benefícios para os cabelos, o óleo de argan, é rico em ácidos graxos e vitamina E, que proporciona [&hellip;]</p>
